139 + 6*l**2 - m*l**2 + 10*l + 145. Determine k(-6).
-18
Let u be (3/9)/((-5)/(15/1)). Let b be -2*(-6 + u - (-12)/6). Let c(h) = -h**3 + 9*h**2 + 12*h - 15. Give c(b).
5
Let s = -19 + 27. Let y(k) = 2*k**2 + 3*k - 1. Let n(m) = 7*m**2 + 4*m - 9. Let j(r) = n(r) - 3*y(r). Give j(s).
18
Let k(d) = d**2 + 8*d - 3. Suppose 34 = -16*r + 18*r. Suppose 58 = -5*s - r. Let g = s - -9. What is k(g)?
-15
Suppose -31 + 63 = 8*l. Let i = -6 + 10. Let w(p) = -i*p - l*p + p**2 + 7*p. Give w(-2).
6
Suppose 9 + 21 = 2*v. Let k(j) = -v - 2*j + 3*j - 2*j. Suppose -2*f = -4*f - 0*f. What is k(f)?
-15
Suppose -1602 = -67*l - 1334. Let z(n) = 2*n**2 - 7*n + 31. Determine z(l).
35
Let g(a) = 9 + 828*a + 236 - 798*a. What is g(-8)?
5
Let q(b) be the second derivative of -b**7/2520 - b**6/180 - b**5/30 + 9*b**4 + 78*b. Let l(a) be the third derivative of q(a). Calculate l(-3).
-1
Let p = 5 + -11. Suppose 2*c - 25 = -3*a - 2*c, 2 = 2*c. Let t(f) = 8*f**3 + 1 + a*f**2 + 5*f + 6*f**3 - 12*f**3 - f**3. Give t(p).
7
Let v = 3679 - 3677. Let w(m) be the first derivative of m - 1/2*m**v - 16. What is w(5)?
-4
Let d(q) be the third derivative of 0*q**3 - 1/60*q**5 - 3*q + 0 - 11/24*q**4 - 13*q**2. What is d(-11)?
0
Let u(k) = -5*k - 6. Let b(y) = -22*y - 1. Let p(r) = -2*b(r) + u(r). What is p(2)?
74
Suppose 0 = 4*j - b + 18, 5*j - b - 4*b + 30 = 0. Let v(q) = -4*q**2 - 1510*q + 5 + 1517*q + 6*q**2. Determine v(j).
9
Let x(q) = 0*q - 56*q**2 + 6*q + 18*q**2 + 17*q**2 + 22*q**2. Give x(-8).
16
Let z(n) = -69*n - 14. Let h(m) = -156*m - 29. Let q(b) = -4*h(b) + 9*z(b). What is q(-10)?
-40
Let d(u) = -69*u**3 - 3*u**2 - 6*u + 21. Let c(h) = -14*h**3 + h**2 + h. Let p(g) = -5*c(g) + d(g). What is p(9)?
3
Let a(y) be the second derivative of 2*y**3/3 + y**2/2 + y. Let n = 32 - 33. Let u(p) = -p. Let w(q) = n*a(q) - 3*u(q). Calculate w(-6).
5
Let z = -3857 + 3862. Let w(v) = 4*v**2 - 23*v + 5. Determine w(z).
-10
Suppose 242 = -2*n + n. Let h = 248 + n. Let v(i) be the first derivative of -3*i**2/2 - 4*i + 4. What is v(h)?
-22
Suppose -3*q - 13 = 4*c, -2*q = -5*c - 0*c - 22. Let i(u) be the first derivative of 11*u**2/2 + u - 407. Calculate i(q).
12
Let i(o) = -7*o + 228. Let d(q) = 15*q - 499. Let z(g) = -5*d(g) - 11*i(g). Suppose 2*p = -0*p + 4. Suppose c = -3*v + 19, -2*c + 9 = -3*v - p. Give z(c).
7
Suppose 0*n - 4*n = 8, 57 = -5*a - n. Let j(p) = -14994*p**2 - 145*p - 53. Let g(z) = -1621*z**2 - 16*z - 6. Let d(u) = -37*g(u) + 4*j(u). What is d(a)?
-1
Let f = -190 + 189. Let k(l) = -1041 + l**2 + l - 3*l + 1039. Determine k(f).
1
Suppose -4*i + t + 34 = -4*t, -4*t + 4 = 2*i. Let c be (i/21)/((-1)/(-7)). Let v(a) = 13*a + 7 - 11*a - 5*a + a**3 - 7*a**c. Calculate v(7).
-14
Suppose 227*o - 317 - 1183 = -273*o. Let q(l) = -17*l**2 - 3*l + 17. Let f(a) = -6*a**2 - a + 6. Let r(m) = -8*f(m) + 3*q(m). What is r(o)?
-27
Let m(t) = -244*t - 219. Let a be m(3). Let s = 952 + a. Let o(x) = 10*x**2 - x. What is o(s)?
9
Let x be ((-169)/(-39))/((-2)/(-6)). Let h(a) = a**2 - 16*a + 33. Let r be h(x). Let p(k) = k**3 + 7*k**2 + 6*k + 8. Give p(r).
8
Let s(o) be the second derivative of -2*o**3 - 87*o**2/2 + 373*o. Determine s(-7).
-3
Let m(v) be the third derivative of v**8/20160 - v**7/360 + 5*v**6/144 + 23*v**5/15 - 3*v**2 - 15*v. Let c(i) be the third derivative of m(i). What is c(12)?
1
Let o(u) = -14 + 2*u**2 + 87 + 13*u**3 + u - 73. What is o(-2)?
-98
Let j(n) = 58*n - 3. Let d(t) = -39*t + 2. Let i(o) = -8*d(o) - 5*j(o). Suppose -5*r = -15*r + 90. Let g = -8 + r. What is i(g)?
21
Let n(d) = -5 + 16*d**2 + 45361*d - 45369*d - 3. What is n(-1)?
16
Let c(k) = k**3 - 6*k**2 - 9*k - 54. Let w be c(8). Let s(i) = 3*i - 3 + 0 - w*i**2 - 5*i + 10*i. Calculate s(5).
-13
Let j(w) = w**3 - 8*w**2 - 11*w - 3. Let c(b) = 6*b**3 + 2*b**2 - 10*b - 9. Let d be c(-3). Let y = d - -132. Give j(y).
-21
Let g(i) = -i**3 - 36*i**2 + 45*i + 123. Let c(q) = -3*q**3 - 107*q**2 + 136*q + 366. Let h(r) = 2*c(r) - 7*g(r). Calculate h(-39).
27
Let v be (814 - 822)*((-4)/(-6))/(4/(-6)). Let k(g) = -3*g + 32. Determine k(v).
8
Let q(b) be the first derivative of 3*b**2/2 - 5*b - 27. Suppose -l - 4*a = 3 - 15, 2*l - 2*a = 4. Suppose -2*t = -w - 10, -2*w + l = 3*t - 4. Determine q(t).
7
Suppose -c = 5*p - 28, 36*p = 41*p - 30. Suppose 0 = q + 4 - 1. Let f be (3*(33/(-9) - q))/c. Let r(x) = 5*x + 1. Give r(f).
6
Let y(t) = t + 3. Let c be (((-13)/(-3))/1)/(13/39). Let d be (c/(-39) + 4/(-15))*-5. Calculate y(d).
6
Suppose 0 = z + a - 5, 20 = -2*z + 7*z + 4*a. Let r(m) = 0 + 2*m**2 + z - 5 - 5*m + 0*m**2 - m**2. Let s(o) = o**2 + 5*o - 1. Let p be s(-6). What is r(p)?
-5
Let m(t) = -4*t**3 + 16*t**2 + 5*t - 4. Let r(p) = -p**3 + p**2 - p - 1. Suppose 3 = -q + 2*d, 5*d - 5 = -3*q - 3. Let f(g) = q*m(g) + 5*r(g). Give f(-10).
-1
Let l(d) = d**2 + 6*d - 3. Let a be 6 - 2 - (-1 + 2 - 2). Suppose -b + 0*b - k = -10, -2*b - 5*k + a = 0. Suppose -b - 10 = 5*u. Determine l(u).
-8
Let n(s) = -3 + 3*s**2 + 0 - 2*s**2 + 4*s + 7. Let y be 1/1*4 - 0/12. Suppose -2*x - 13 + 0 = 3*p, -22 = y*p + 5*x. Calculate n(p).
1
Let r(q) = q**3 + 11*q**2 + q**3 - 8 + 0*q**3 + 7*q**2 - 17*q - 3*q**3. Let j be r(17). Let o(u) = u**3 + 8*u**2 - u - 4. What is o(j)?
4
Let p(h) = -6*h + 8. Let y(x) = -6*x + 9. Let n(r) = -7*p(r) + 6*y(r). Let d(o) = -126*o + 1888. Let i be d(15). What is n(i)?
-14
Let a(l) be the second derivative of -l**4/12 - 17*l**3/6 - 35*l**2/2 + 20*l - 115. Determine a(-15).
-5
Let b(l) = 159*l + 1125. Let m be b(-7). Let h(q) = -q**3 + 15*q**2 - 38*q + 17. Give h(m).
-7
Let d(s) be the third derivative of s**6/120 - 3*s**5/10 - s**4/12 + 23*s**3/3 - 3588*s**2. Give d(18).
10
Let p be (-5 - -7)*(-1 + 0 + 17). Suppose 54 = -3*g + 5*a + 20, 4*g - 4*a + p = 0. Let r(c) = -c**3 - 4*c**2 - 4*c - 3. What is r(g)?
0
Let c(i) = 7 + 5 - 102*i**3 + 101*i**3 - 10*i**2 - 4 + 27*i + 6. Calculate c(-12).
-22
Let n(s) = s**3 - 8*s**2 + 7*s + 1. Let b be n(7). Suppose 41032 = 3*i + 5*i. Let u(p) = -i + 5129 + 11*p. What is u(b)?
11
Let f(g) = g**3 - 26*g**2 + 31*g - 153. Let j(b) = -29*b**2 - 210*b - 24. Let s be j(-7). Calculate f(s).
-3
Let x(k) be the third derivative of 5*k**4/12 - 5*k**3/2 + 6*k**2 + 3*k + 7. Let w(o) = 0*o - 1 + 4*o - 2*o. Let l(h) = 4*w(h) - x(h). Give l(8).
-5
Suppose 6*y - 38 = -2. Let u(v) = 5*v + 7. Let i(g) = -6*g - 8. Let j(n) = -6*i(n) - 7*u(n). Let z(s) = -9. Let t(m) = -2*j(m) + z(m). What is t(y)?
-19
Let g(c) = 44 - 325*c**2 - 328*c**2 + 1311*c**2 - 327*c**2 - 31*c - 334*c**2. Determine g(-11).
22
Let b = -6509 - -6505. Let a(j) be the third derivative of j**6/120 + j**5/12 + j**4/8 + j**3/6 + 2*j**2. What is a(b)?
5
Let c(o) = o**2 + 12*o - 25. Let h(m) = 3*m**3 + 3*m**2 - 15*m - 5. Let d be h(-3). Calculate c(d).
3
Let x(q) = -2*q**2 - 2*q + 5. Let s be (-10)/6 - (-10)/15. Let r be -1*(s + -7 + 4). Let w(f) = -5*f**2 - 3*f + 10. Let i(c) = r*w(c) - 9*x(c). What is i(4)?
-13
Let y(o) = -3*o**2 - 9*o - 6. Suppose -785*d + 36 = -791*d. Give y(d).
-60
Let n(k) = -k + 152. Let m(s) = 31. Let o(q) = 15*m(q) - 3*n(q). Let d be (-6)/4 - (-55)/(-10). Determine o(d).
-12
Let s(a) be the second derivative of a + 1/3*a**3 + 119 + 0*a**2. Let i(c) = c**3 - 6*c**2 + 2*c - 8. Let v be i(6). What is s(v)?
8
Let y(i) = i**3 - 14*i**2 + 19. Suppose 22*h + 6*h = 56. Let m(u) = 5*u**3 - 57*u**2 + 79. Let s(j) = h*m(j) - 9*y(j). Determine s(-12).
-13
Let y(a) = 2*a**2 + 4*a + 17. Let x(j) = -8*j**2 - 17*j - 75. Let g(k) = 2*x(k) + 9*y(k). Suppose 3*q + 0 - 12 = 0. Suppose 3*r + 2 = -q. Calculate g(r).
7
Let k(d) = -47*d + 141 + 146*d - 79*d - 20. What is k(-6)?
1
Let i(v) = 7*v**3 - v**2 + 4*v - 3. Let w = -860 - -409. Let t = -450 - w. Determine i(t).
7
Let k(b) = -6*b - 1. Suppose 5*c + z + 21 = 0, 2*c - c + 3 = z. Let u be (-100)/c*6/(-10). Let f be ((-33)/(-55))/((-3)/u). Determine k(f).
-19
Let l(h) = -h**2 + 29*h + 64. Suppose -64*k + 3012 = 1028. Determine l(k).
2
Suppose -111*p = 66*p + 321*p. Let j(b) be the third derivative of 1/8*b**4 + 0 + p*b + 0*b**3 + 23*b**2. What is j(3)?
9
Let u(t) = 4*t**2 + t**3 + 2*t + 2 - 4*t + 0. Let g = -195 + 192. Let s be 54/(-10) - g/(-30)*-4. Determine u(s).
-13
Let a(v) = v**3 - 9*v**2 - 25*v + 27. Suppose -64*h + 557 + 24 = -123. What is a(h)?
-6
Let p(m) = 3*m**2 - 22*m +